{"id":1545,"date":"2023-09-11T11:25:46","date_gmt":"2023-09-11T09:25:46","guid":{"rendered":"https:\/\/foodforfoodies.pl\/?page_id=1545"},"modified":"2023-09-11T11:27:49","modified_gmt":"2023-09-11T09:27:49","slug":"wydarzenia","status":"publish","type":"page","link":"https:\/\/foodforfoodies.pl\/index.php\/wydarzenia\/","title":{"rendered":"wydarzenia"},"content":{"rendered":"\t\t<div data-elementor-type=\"wp-page\" data-elementor-id=\"1545\" class=\"elementor elementor-1545\" data-elementor-post-type=\"page\">\n\t\t\t\t\t\t\t<div class=\"elementor-element elementor-element-bed1dc1 e-flex e-con-boxed e-con\" data-id=\"bed1dc1\" data-element_type=\"container\" data-settings=\"{&quot;background_background&quot;:&quot;gradient&quot;,&quot;content_width&quot;:&quot;boxed&quot;}\">\n\t\t\t\t\t<div class=\"e-con-inner\">\n\t\t\t\t<div class=\"elementor-element elementor-element-d52a7c1 elementor-widget elementor-widget-heading\" data-id=\"d52a7c1\" data-element_type=\"widget\" data-widget_type=\"heading.default\">\n\t\t\t\t<div class=\"elementor-widget-container\">\n\t\t\t<style>\/*! elementor - v3.14.0 - 26-06-2023 *\/\n.elementor-heading-title{padding:0;margin:0;line-height:1}.elementor-widget-heading .elementor-heading-title[class*=elementor-size-]>a{color:inherit;font-size:inherit;line-height:inherit}.elementor-widget-heading .elementor-heading-title.elementor-size-small{font-size:15px}.elementor-widget-heading .elementor-heading-title.elementor-size-medium{font-size:19px}.elementor-widget-heading .elementor-heading-title.elementor-size-large{font-size:29px}.elementor-widget-heading .elementor-heading-title.elementor-size-xl{font-size:39px}.elementor-widget-heading .elementor-heading-title.elementor-size-xxl{font-size:59px}<\/style><h1 class=\"elementor-heading-title elementor-size-default\">wydarzenia<\/h1>\t\t<\/div>\n\t\t\t\t<\/div>\n\t\t\t\t\t<\/div>\n\t\t\t\t<\/div>\n\t\t<div class=\"elementor-element elementor-element-6e3a97a e-flex e-con-boxed e-con\" data-id=\"6e3a97a\" data-element_type=\"container\" data-settings=\"{&quot;content_width&quot;:&quot;boxed&quot;}\" data-e-bg-lazyload=\"\">\n\t\t\t\t\t<div class=\"e-con-inner\">\n\t\t<div class=\"elementor-element elementor-element-c2f901d e-flex e-con-boxed e-con\" data-id=\"c2f901d\" data-element_type=\"container\" data-settings=\"{&quot;content_width&quot;:&quot;boxed&quot;}\">\n\t\t\t\t\t<div class=\"e-con-inner\">\n\t\t<div class=\"elementor-element elementor-element-ab8eb8c e-con-full e-flex e-con\" data-id=\"ab8eb8c\" data-element_type=\"container\" data-settings=\"{&quot;content_width&quot;:&quot;full&quot;,&quot;motion_fx_motion_fx_scrolling&quot;:&quot;yes&quot;,&quot;motion_fx_translateY_effect&quot;:&quot;yes&quot;,&quot;motion_fx_translateY_speed&quot;:{&quot;unit&quot;:&quot;px&quot;,&quot;size&quot;:3,&quot;sizes&quot;:[]},&quot;motion_fx_translateY_affectedRange&quot;:{&quot;unit&quot;:&quot;%&quot;,&quot;size&quot;:&quot;&quot;,&quot;sizes&quot;:{&quot;start&quot;:0,&quot;end&quot;:100}},&quot;motion_fx_devices&quot;:[&quot;desktop&quot;,&quot;tablet&quot;,&quot;mobile&quot;]}\">\n\t\t\t\t<div class=\"elementor-element elementor-element-1e2360d elementor-widget elementor-widget-image\" data-id=\"1e2360d\" data-element_type=\"widget\" data-widget_type=\"image.default\">\n\t\t\t\t<div class=\"elementor-widget-container\">\n\t\t\t<style>\/*! elementor - v3.14.0 - 26-06-2023 *\/\n.elementor-widget-image{text-align:center}.elementor-widget-image a{display:inline-block}.elementor-widget-image a img[src$=\".svg\"]{width:48px}.elementor-widget-image img{vertical-align:middle;display:inline-block}<\/style>\t\t\t\t\t\t\t\t\t\t\t\t<img loading=\"lazy\" decoding=\"async\" width=\"1024\" height=\"1024\" src=\"https:\/\/foodforfoodies.pl\/wp-content\/uploads\/2023\/07\/FIT-WEGE-1024x1024.png\" class=\"attachment-large size-large wp-image-1348\" alt=\"\" srcset=\"https:\/\/foodforfoodies.pl\/wp-content\/uploads\/2023\/07\/FIT-WEGE-1024x1024.png 1024w, https:\/\/foodforfoodies.pl\/wp-content\/uploads\/2023\/07\/FIT-WEGE-300x300.png 300w, https:\/\/foodforfoodies.pl\/wp-content\/uploads\/2023\/07\/FIT-WEGE-150x150.png 150w, https:\/\/foodforfoodies.pl\/wp-content\/uploads\/2023\/07\/FIT-WEGE-768x768.png 768w, https:\/\/foodforfoodies.pl\/wp-content\/uploads\/2023\/07\/FIT-WEGE-1536x1536.png 1536w, https:\/\/foodforfoodies.pl\/wp-content\/uploads\/2023\/07\/FIT-WEGE-2048x2048.png 2048w\" sizes=\"auto, (max-width: 1024px) 100vw, 1024px\" \/>\t\t\t\t\t\t\t\t\t\t\t\t\t\t\t<\/div>\n\t\t\t\t<\/div>\n\t\t\t\t<\/div>\n\t\t<div class=\"elementor-element elementor-element-d615bf4 e-con-full e-flex e-con\" data-id=\"d615bf4\" data-element_type=\"container\" data-settings=\"{&quot;content_width&quot;:&quot;full&quot;}\">\n\t\t\t\t<div class=\"elementor-element elementor-element-d8bf2a1 elementor-widget elementor-widget-text-editor\" data-id=\"d8bf2a1\" data-element_type=\"widget\" data-widget_type=\"text-editor.default\">\n\t\t\t\t<div class=\"elementor-widget-container\">\n\t\t\t<style>\/*! elementor - v3.14.0 - 26-06-2023 *\/\n.elementor-widget-text-editor.elementor-drop-cap-view-stacked .elementor-drop-cap{background-color:#69727d;color:#fff}.elementor-widget-text-editor.elementor-drop-cap-view-framed .elementor-drop-cap{color:#69727d;border:3px solid;background-color:transparent}.elementor-widget-text-editor:not(.elementor-drop-cap-view-default) .elementor-drop-cap{margin-top:8px}.elementor-widget-text-editor:not(.elementor-drop-cap-view-default) .elementor-drop-cap-letter{width:1em;height:1em}.elementor-widget-text-editor .elementor-drop-cap{float:left;text-align:center;line-height:1;font-size:50px}.elementor-widget-text-editor .elementor-drop-cap-letter{display:inline-block}<\/style>\t\t\t\t<p>Zam\u00f3w najpyszniejszy catering dla foodies na swoje wydarzenie prywatne lub masowe. Przygotujemy dla Ciebie spersonalizowan\u0105 ofert\u0119 dostosowan\u0105 do okazji, potrzeb i smak\u00f3w. Napisz na:\u00a0<a href=\"mailto:asystent@foodforfoodies.pl\" rel=\"noreferrer\">asystent@foodforfoodies.pl<\/a> \u2013 odezwiemy si\u0119!<\/p>\t\t\t\t\t\t<\/div>\n\t\t\t\t<\/div>\n\t\t\t\t<\/div>\n\t\t\t\t\t<\/div>\n\t\t\t\t<\/div>\n\t\t\t\t\t<\/div>\n\t\t\t\t<\/div>\n\t\t\t\t\t\t\t<\/div>\n\t\t","protected":false},"excerpt":{"rendered":"<p>wydarzenia Zam\u00f3w najpyszniejszy catering dla foodies na swoje wydarzenie prywatne lub masowe. Przygotujemy dla Ciebie spersonalizowan\u0105 ofert\u0119 dostosowan\u0105 do okazji, potrzeb i smak\u00f3w. Napisz na:\u00a0asystent@foodforfoodies.pl \u2013 odezwiemy si\u0119!<\/p>\n","protected":false},"author":2,"featured_media":0,"parent":0,"menu_order":0,"comment_status":"closed","ping_status":"closed","template":"","meta":{"site-sidebar-layout":"no-sidebar","site-content-layout":"page-builder","ast-global-header-display":"","ast-banner-title-visibility":"","ast-main-header-display":"","ast-hfb-above-header-display":"","ast-hfb-below-header-display":"","ast-hfb-mobile-header-display":"","site-post-title":"disabled","ast-breadcrumbs-content":"","ast-featured-img":"disabled","footer-sml-layout":"","theme-transparent-header-meta":"enabled","adv-header-id-meta":"","stick-header-meta":"","header-above-stick-meta":"","header-main-stick-meta":"","header-below-stick-meta":"","footnotes":""},"class_list":["post-1545","page","type-page","status-publish","hentry"],"yoast_head":"<!-- This site is optimized with the Yoast SEO plugin v20.11 - https:\/\/yoast.com\/wordpress\/plugins\/seo\/ -->\n<title>wydarzenia - FoodForFoodies<\/title>\n<meta name=\"robots\" content=\"index, follow, max-snippet:-1, max-image-preview:large, max-video-preview:-1\" \/>\n<link rel=\"canonical\" href=\"https:\/\/foodforfoodies.pl\/index.php\/wydarzenia\/\" \/>\n<meta property=\"og:locale\" content=\"pl_PL\" \/>\n<meta property=\"og:type\" content=\"article\" \/>\n<meta property=\"og:title\" content=\"wydarzenia - FoodForFoodies\" \/>\n<meta property=\"og:description\" content=\"wydarzenia Zam\u00f3w najpyszniejszy catering dla foodies na swoje wydarzenie prywatne lub masowe. Przygotujemy dla Ciebie spersonalizowan\u0105 ofert\u0119 dostosowan\u0105 do okazji, potrzeb i smak\u00f3w. Napisz na:\u00a0asystent@foodforfoodies.pl \u2013 odezwiemy si\u0119!\" \/>\n<meta property=\"og:url\" content=\"https:\/\/foodforfoodies.pl\/index.php\/wydarzenia\/\" \/>\n<meta property=\"og:site_name\" content=\"FoodForFoodies\" \/>\n<meta property=\"article:modified_time\" content=\"2023-09-11T09:27:49+00:00\" \/>\n<meta property=\"og:image\" content=\"https:\/\/foodforfoodies.pl\/wp-content\/uploads\/2023\/07\/FIT-WEGE-1024x1024.png\" \/>\n<meta name=\"twitter:card\" content=\"summary_large_image\" \/>\n<meta name=\"twitter:label1\" content=\"Szacowany czas czytania\" \/>\n\t<meta name=\"twitter:data1\" content=\"1 minuta\" \/>\n<script type=\"application\/ld+json\" class=\"yoast-schema-graph\">{\"@context\":\"https:\/\/schema.org\",\"@graph\":[{\"@type\":\"WebPage\",\"@id\":\"https:\/\/foodforfoodies.pl\/index.php\/wydarzenia\/\",\"url\":\"https:\/\/foodforfoodies.pl\/index.php\/wydarzenia\/\",\"name\":\"wydarzenia - FoodForFoodies\",\"isPartOf\":{\"@id\":\"https:\/\/foodforfoodies.pl\/#website\"},\"datePublished\":\"2023-09-11T09:25:46+00:00\",\"dateModified\":\"2023-09-11T09:27:49+00:00\",\"breadcrumb\":{\"@id\":\"https:\/\/foodforfoodies.pl\/index.php\/wydarzenia\/#breadcrumb\"},\"inLanguage\":\"pl-PL\",\"potentialAction\":[{\"@type\":\"ReadAction\",\"target\":[\"https:\/\/foodforfoodies.pl\/index.php\/wydarzenia\/\"]}]},{\"@type\":\"BreadcrumbList\",\"@id\":\"https:\/\/foodforfoodies.pl\/index.php\/wydarzenia\/#breadcrumb\",\"itemListElement\":[{\"@type\":\"ListItem\",\"position\":1,\"name\":\"Home\",\"item\":\"https:\/\/foodforfoodies.pl\/\"},{\"@type\":\"ListItem\",\"position\":2,\"name\":\"wydarzenia\"}]},{\"@type\":\"WebSite\",\"@id\":\"https:\/\/foodforfoodies.pl\/#website\",\"url\":\"https:\/\/foodforfoodies.pl\/\",\"name\":\"FoodForFoodies\",\"description\":\"FoodForFoodies\",\"publisher\":{\"@id\":\"https:\/\/foodforfoodies.pl\/#organization\"},\"potentialAction\":[{\"@type\":\"SearchAction\",\"target\":{\"@type\":\"EntryPoint\",\"urlTemplate\":\"https:\/\/foodforfoodies.pl\/?s={search_term_string}\"},\"query-input\":\"required name=search_term_string\"}],\"inLanguage\":\"pl-PL\"},{\"@type\":\"Organization\",\"@id\":\"https:\/\/foodforfoodies.pl\/#organization\",\"name\":\"FoodForFoodies\",\"url\":\"https:\/\/foodforfoodies.pl\/\",\"logo\":{\"@type\":\"ImageObject\",\"inLanguage\":\"pl-PL\",\"@id\":\"https:\/\/foodforfoodies.pl\/#\/schema\/logo\/image\/\",\"url\":\"https:\/\/foodforfoodies.pl\/wp-content\/uploads\/2023\/05\/logo-fff-e1685348095562.png\",\"contentUrl\":\"https:\/\/foodforfoodies.pl\/wp-content\/uploads\/2023\/05\/logo-fff-e1685348095562.png\",\"width\":500,\"height\":333,\"caption\":\"FoodForFoodies\"},\"image\":{\"@id\":\"https:\/\/foodforfoodies.pl\/#\/schema\/logo\/image\/\"}}]}<\/script>\n<!-- \/ Yoast SEO plugin. -->","yoast_head_json":{"title":"wydarzenia - FoodForFoodies","robots":{"index":"index","follow":"follow","max-snippet":"max-snippet:-1","max-image-preview":"max-image-preview:large","max-video-preview":"max-video-preview:-1"},"canonical":"https:\/\/foodforfoodies.pl\/index.php\/wydarzenia\/","og_locale":"pl_PL","og_type":"article","og_title":"wydarzenia - FoodForFoodies","og_description":"wydarzenia Zam\u00f3w najpyszniejszy catering dla foodies na swoje wydarzenie prywatne lub masowe. Przygotujemy dla Ciebie spersonalizowan\u0105 ofert\u0119 dostosowan\u0105 do okazji, potrzeb i smak\u00f3w. Napisz na:\u00a0asystent@foodforfoodies.pl \u2013 odezwiemy si\u0119!","og_url":"https:\/\/foodforfoodies.pl\/index.php\/wydarzenia\/","og_site_name":"FoodForFoodies","article_modified_time":"2023-09-11T09:27:49+00:00","og_image":[{"url":"https:\/\/foodforfoodies.pl\/wp-content\/uploads\/2023\/07\/FIT-WEGE-1024x1024.png"}],"twitter_card":"summary_large_image","twitter_misc":{"Szacowany czas czytania":"1 minuta"},"schema":{"@context":"https:\/\/schema.org","@graph":[{"@type":"WebPage","@id":"https:\/\/foodforfoodies.pl\/index.php\/wydarzenia\/","url":"https:\/\/foodforfoodies.pl\/index.php\/wydarzenia\/","name":"wydarzenia - FoodForFoodies","isPartOf":{"@id":"https:\/\/foodforfoodies.pl\/#website"},"datePublished":"2023-09-11T09:25:46+00:00","dateModified":"2023-09-11T09:27:49+00:00","breadcrumb":{"@id":"https:\/\/foodforfoodies.pl\/index.php\/wydarzenia\/#breadcrumb"},"inLanguage":"pl-PL","potentialAction":[{"@type":"ReadAction","target":["https:\/\/foodforfoodies.pl\/index.php\/wydarzenia\/"]}]},{"@type":"BreadcrumbList","@id":"https:\/\/foodforfoodies.pl\/index.php\/wydarzenia\/#breadcrumb","itemListElement":[{"@type":"ListItem","position":1,"name":"Home","item":"https:\/\/foodforfoodies.pl\/"},{"@type":"ListItem","position":2,"name":"wydarzenia"}]},{"@type":"WebSite","@id":"https:\/\/foodforfoodies.pl\/#website","url":"https:\/\/foodforfoodies.pl\/","name":"FoodForFoodies","description":"FoodForFoodies","publisher":{"@id":"https:\/\/foodforfoodies.pl\/#organization"},"potentialAction":[{"@type":"SearchAction","target":{"@type":"EntryPoint","urlTemplate":"https:\/\/foodforfoodies.pl\/?s={search_term_string}"},"query-input":"required name=search_term_string"}],"inLanguage":"pl-PL"},{"@type":"Organization","@id":"https:\/\/foodforfoodies.pl\/#organization","name":"FoodForFoodies","url":"https:\/\/foodforfoodies.pl\/","logo":{"@type":"ImageObject","inLanguage":"pl-PL","@id":"https:\/\/foodforfoodies.pl\/#\/schema\/logo\/image\/","url":"https:\/\/foodforfoodies.pl\/wp-content\/uploads\/2023\/05\/logo-fff-e1685348095562.png","contentUrl":"https:\/\/foodforfoodies.pl\/wp-content\/uploads\/2023\/05\/logo-fff-e1685348095562.png","width":500,"height":333,"caption":"FoodForFoodies"},"image":{"@id":"https:\/\/foodforfoodies.pl\/#\/schema\/logo\/image\/"}}]}},"_links":{"self":[{"href":"https:\/\/foodforfoodies.pl\/index.php\/wp-json\/wp\/v2\/pages\/1545","targetHints":{"allow":["GET"]}}],"collection":[{"href":"https:\/\/foodforfoodies.pl\/index.php\/wp-json\/wp\/v2\/pages"}],"about":[{"href":"https:\/\/foodforfoodies.pl\/index.php\/wp-json\/wp\/v2\/types\/page"}],"author":[{"embeddable":true,"href":"https:\/\/foodforfoodies.pl\/index.php\/wp-json\/wp\/v2\/users\/2"}],"replies":[{"embeddable":true,"href":"https:\/\/foodforfoodies.pl\/index.php\/wp-json\/wp\/v2\/comments?post=1545"}],"version-history":[{"count":4,"href":"https:\/\/foodforfoodies.pl\/index.php\/wp-json\/wp\/v2\/pages\/1545\/revisions"}],"predecessor-version":[{"id":1549,"href":"https:\/\/foodforfoodies.pl\/index.php\/wp-json\/wp\/v2\/pages\/1545\/revisions\/1549"}],"wp:attachment":[{"href":"https:\/\/foodforfoodies.pl\/index.php\/wp-json\/wp\/v2\/media?parent=1545"}],"curies":[{"name":"wp","href":"https:\/\/api.w.org\/{rel}","templated":true}]}}